{"id":1218,"date":"2021-08-02T20:12:13","date_gmt":"2021-08-02T18:12:13","guid":{"rendered":"http:\/\/www.sah-krsko.si\/?page_id=1218"},"modified":"2021-08-02T20:12:13","modified_gmt":"2021-08-02T18:12:13","slug":"arhiv-rezultatov-2019","status":"publish","type":"page","link":"https:\/\/www.sah-krsko.si\/index.php\/arhiv-rezultatov-2019\/","title":{"rendered":"Arhiv rezultatov &#8211; 2019"},"content":{"rendered":"\n<p>DOSE\u017dKI \u0160K TRIGLAV KR\u0160KO V LETU 2019<br>(urejeno po datumu dose\u017eka, zbral Milo\u0161 Ru\u017ei\u010d)<\/p>\n\n\n\n<h3 class=\"wp-block-heading\"><strong><em>Januar 2019<\/em><\/strong><\/h3>\n\n\n\n<ol class=\"wp-block-list\"><li>Pia Marie Ru\u017ei\u010d, 1. mesto na O\u0160 DP za dekleta do 15 let<\/li><li>Ana Urban\u010d, 3. mesto na S\u0160 DP za dekleta<\/li><li>Larisa Kuhar, 4. mesto na O\u0160 DP za dekleta do 15 let<\/li><\/ol>\n\n\n\n<h3 class=\"wp-block-heading\"><strong><em>Februar 2019<\/em><\/strong><\/h3>\n\n\n\n<ol class=\"wp-block-list\"><li>Larisa Kuhar, 1. mesto na DP za dekleta do 16 let v standardnem \u0161ahu<\/li><li>Pia Marie Ru\u017ei\u010d, 3. mesto na DP za dekleta do 16 let v standardnem \u0161ahu<\/li><li>Larisa Kuhar, 3. mesto na DP za dekleta do 16 let v pospe\u0161enem \u0161ahu<\/li><li>Pia Marie Ru\u017ei\u010d, 2. mesto na DP za dekleta do 16 let v pospe\u0161enem \u0161ahu<\/li><li>Pika Radej, 3. mesto na DP za dekleta do 12 let v standardnem \u0161ahu<\/li><li>Ana Urban\u010d, 3. mesto na DP za dekleta do 18 let v standardnem \u0161ahu<\/li><li>Ana Urban\u010d, 4. mesto na DP za dekleta do 18 let v pospe\u0161enem \u0161ahu<\/li><li>Tina Urban\u010d, 4. mesto na DP za dekleta do 18 let v standardnem \u0161ahu<\/li><li>Tina Urban\u010d, 5. mesto na DP za dekleta do 18 let v pospe\u0161enem \u0161ahu<\/li><li>Nik A\u0161i\u010d, 4. mesto na DP za fante do 8 let v pospe\u0161enem \u0161ahu<\/li><li>Alen Keber, 5. mesto na DP za fante do 8 let v pospe\u0161enem \u0161ahu<\/li><li>Bruno Glas, 4. mesto na DP za fante do 10 let v standardnem \u0161ahu<\/li><li>\u017dana Zorko, 5. mesto na DP za dekleta do 8 let v standardnem \u0161ahu<\/li><\/ol>\n\n\n\n<h3 class=\"wp-block-heading\"><strong><em>Marec 2019<\/em><\/strong><\/h3>\n\n\n\n<ol class=\"wp-block-list\"><li>Ekipa O\u0160 Cerklje (Larisa Kuhar, Tina Urban\u010d, Ana Tom\u0161e), 1. mesto na<br>DP za O\u0160 za dekleta do 15 let v pospe\u0161enem \u0161ahu<\/li><li>Ekipa O\u0160 Jurija Dalmatina (Pika Radej, Alja Bizjak, Manca Avsec), 4.<br>mesto na DP za O\u0160 za dekleta do 15 let v pospe\u0161enem \u0161ahu<\/li><\/ol>\n\n\n\n<h3 class=\"wp-block-heading\"><strong><em>April 2019<\/em><\/strong><\/h3>\n\n\n\n<ol class=\"wp-block-list\"><li>Ekipa fantov (Kristjan Kodri\u010d Plevnik, Pika Radej, Bruno Glas, Lamir<br>Molan, Alexei Bizjak) O\u0160 J. Dalmatina, 3. mesto na DP za osnovne \u0161ole do<br>12 let<\/li><li>Pia Marie Ru\u017ei\u010d, 2. mesto skupno in 1. mesto med \u017eenskami na EP za<br>amaterje do 2000 ELO to\u010dk za leto 2019<\/li><li>Milo\u0161 Ru\u017ei\u010d, 3. mesto na EP za amaterje do 1700 ELO to\u010dk za leto 2019<\/li><\/ol>\n\n\n\n<h3 class=\"wp-block-heading\"><strong><em>Maj 2019<\/em><\/strong><\/h3>\n\n\n\n<ol class=\"wp-block-list\"><li>Kristjan Kodri\u010d Plevnik, 1 mesto na 3. memorialu Zvonimirja Me\u0161trovi\u0107a v<br>Sarajevu odprto do 12 let<\/li><li>Bruno Glas, 1 mesto na 3. memorialu Zvonimirja Me\u0161trovi\u0107a v Sarajevu<br>odprto do 10 let<\/li><li>Pika Radej, 1 mesto na 3. memorialu Zvonimirja Me\u0161trovi\u0107a v Sarajevu<br>dekleta do 12 let<\/li><li>Pia Marie Ru\u017ei\u010d, 1 mesto na 3. memorialu Zvonimirja Me\u0161trovi\u0107a v<br>Sarajevu dekleta do 16 let<\/li><li>Predrag Nikoli\u0107, 1. mesto na 3. memorialu Zvonimirja Me\u0161trovi\u0107a v<br>Sarajevu skupno odprto<\/li><li>Bruno Glas, 1. mesto v Dolenjski ligi za sezono 2018_2019 med fanti do<br>10 let<\/li><li>Kristjan Kodri\u010d Plevnik, 2. mesto v Dolenjski ligi za sezono 2018_2019<br>med fanti do 12 let<\/li><li>Pika Radej, 1. mesto v Dolenjski ligi za sezono 2018_2019 med dekleti do<br>12 let<\/li><li>Filip Radej, 4. mesto v Dolenjski ligi za sezono 2018_2019 med fanti do 18<br>let<\/li><li>Ana Urban\u010d, .1. mesto v Dolenjski ligi za sezono 2018_2019 med dekleti<br>do 18 let<\/li><li>Pia Marie Ru\u017ei\u010d, 3. mesto v Dolenjski ligi za sezono 2018_2019 med<br>dekleti do 12 let<\/li><li>Larisa Kuhar, 7. mesto na DP za \u010dlanice Slovenije<\/li><li>\u010clanska \u017eenska ekipa \u0160K Triglav (Jana Krivec, Mirela Ahmatovi\u0107, Ana<br>Urban\u010d, Larisa Kuhar, Pia Marie Ru\u017ei\u010d, Tina Urban\u010d), 6. mesto na<br>klubskem ekipnem DP Slovenije<\/li><li>Kadetska ekipa deklet \u0160K Triglav Kr\u0161ko (Larisa Kuhar, Pia Marie Ru\u017ei\u010d,<br>Tina Urban\u010d, Pika Radej), 2. mesto na ekipnem DP za kadetinje do 16 let v<br>standardnem \u0161ahu v Sloveniji za leto 2019<\/li><li>Ekipa mlaj\u0161ih kadetov \u0160K Triglav Kr\u0161ko (Kristjan Kodri\u010d Plevnik, Bruno<br>Glas, Pika Radej, Borut Jan Ru\u017ei\u010d), 3. mesto na ekipnem DP za mlaj\u0161e<br>kadete do 12 let v standardnem \u0161ahu v Sloveniji za leto 2019<\/li><\/ol>\n\n\n\n<h3 class=\"wp-block-heading\"><strong><em>Avgust 2019<\/em><\/strong><\/h3>\n\n\n\n<ol class=\"wp-block-list\"><li>Larisa Kuhar, 19. mesto na EP v standardnem \u0161ahu do 16 let v Bratislavi<br>za leto 2019<\/li><li>Mladinska ekipa deklet \u0160K Triglav Kr\u0161ko (Larisa Kuhar, Pia Marie Ru\u017ei\u010d,<br>Ana Urban\u010d), 1. mesto na DP za mladinke do 20 let v standardnem \u0161ahu za<br>leto 2019 v Dobrni<\/li><li>Mladinska ekipa fantov \u0160K Triglav Kr\u0161ko (Miljenko Muha, Matej Po\u017eun,<br>Aleksander Bajc), 3. mesto na DP za mladince do 20 let v standardnem<br>\u0161ahu za leto 2019 v Dobrni<br>September 2019<\/li><li>Pia Marie Ru\u017ei\u010d, 5. mesto na SP v pospe\u0161enem \u0161ahu za mladinke do 16<br>let v Salobreni (\u0160panija) za leto 2019<\/li><li>Pia Marie Ru\u017ei\u010d, 6. mesto na SP v hitropoteznem \u0161ahu za mladinke do 16<br>let v Salobreni (\u0160panija) za leto 2019<\/li><\/ol>\n\n\n\n<h3 class=\"wp-block-heading\"><strong><em>Oktober 2019<\/em><\/strong><\/h3>\n\n\n\n<ol class=\"wp-block-list\"><li>Larisa Kuhar, nastopila na kadetski \u0161ahovski olimpijadi v ekipnem<br>standardnem \u0161ahu v Corum (Tur\u010diji) za leto 2019<\/li><\/ol>\n\n\n\n<h3 class=\"wp-block-heading\"><strong><em>December 2019<\/em><\/strong><\/h3>\n\n\n\n<ol class=\"wp-block-list\"><li>Pia Marie Ru\u017ei\u010d, 1. mesto na EP za mlade do 16 let v pospe\u0161enem \u0161ahu v<br>Talinu (Estonija) za leto 2019<\/li><li>Larisa Kuhar, 8. mesto na EP za mlade do 16 let v pospe\u0161enem \u0161ahu v<br>Talinu (Estonija) za leto 2019<\/li><li>Ekipa kadetinj 1 \u0160K Triglav Kr\u0161ko (Pia Marie Ru\u017ei\u010d, Larisa Kuhar), 1.<br>mesto na DP za kadetinje do 16 let v pospe\u0161enem \u0161ahu na Oto\u010dcu za leto<br>2019<\/li><li>Ekipa kadetinj 2 \u0160K Triglav Kr\u0161ko (Tina Urban\u010d, Pika Radej), 3. mesto na<br>DP za kadetinje do 16 let v pospe\u0161enem \u0161ahu na Oto\u010dcu za leto 2019<\/li><li>Ekipa mladincev \u0160K Triglav Kr\u0161ko (Matej Po\u017eun, Aleksander Bajc, Ana<br>Urban\u010d), 2. mesto na DP za mladince do 20 let v pospe\u0161enem \u0161ahu na<br>Oto\u010dcu za leto 2019<\/li><li>Ekipa kadetov \u0160K Triglav Kr\u0161ko (Filip Radej, Bruno Glas, Borut Jan<br>Ru\u017ei\u010d, Kristjan Kodri\u010d Plevnik), 5. mesto na DP za kadete do 16 let v<br>pospe\u0161enem \u0161ahu na Oto\u010dcu za leto 2019<\/li><li>Pia Marie Ru\u017ei\u010d, 1. mesto na DP za kadetinje do 16 let v pospe\u0161enem<br>\u0161ahu na Oto\u010dcu za leto 2019<\/li><li>Larisa Kuhar, 3. mesto na DP za kadetinje do 16 let v pospe\u0161enem \u0161ahu<br>na Oto\u010dcu za leto 2019<\/li><li>Tina Urban\u010d, 4. mesto na DP za kadetinje do 16 let v pospe\u0161enem \u0161ahu<br>na Oto\u010dcu za leto 2019<\/li><li>Matej Po\u017eun, 8. mesto a DP za mladince do 20 let v pospe\u0161enem \u0161ahu<br>na Oto\u010dcu za leto 2019<\/li><li>Ekipa kadetinj 1 \u0160K Triglav Kr\u0161ko (Pia Marie Ru\u017ei\u010d, Larisa Kuhar), 1.<br>mesto na DP za kadetinje do 16 let v hitropoteznem \u0161ahu na Oto\u010dcu za leto<br>2019<\/li><li>Ekipa kadetinj 2 \u0160K Triglav Kr\u0161ko (Tina Urban\u010d, Pika Radej), 3. mesto<br>na DP za kadetinje do 16 let v hitropoteznem \u0161ahu na Oto\u010dcu za leto 2019<\/li><li>Ekipa mladincev \u0160K Triglav Kr\u0161ko (Matej Po\u017eun, Aleksander Bajc, Ana<br>Urban\u010d), 3. mesto na DP za mladince do 20 let v hitropoteznem \u0161ahu na<br>Oto\u010dcu za leto 2019<\/li><li>Ekipa kadetov \u0160K Triglav Kr\u0161ko (Kristjan Kodri\u010d Plevnik, Bruno Glas,<br>Filip Radej, Borut Jan Ru\u017ei\u010d), 3. mesto na DP za kadete do 16 let v<br>hitropoteznem \u0161ahu na Oto\u010dcu za leto 2019<\/li><li>Pia Marie Ru\u017ei\u010d, 1. mesto na DP za kadetinje do 16 let v hitropoteznem<br>\u0161ahu na Oto\u010dcu za leto 2019<\/li><li>Larisa Kuhar, 4. mesto na DP za kadetinje do 16 let v hitropoteznem<br>\u0161ahu na Oto\u010dcu za leto 2019<\/li><li>Kristjan Kodri\u010d Plevnik, 8. mesto na DP za kadete do 16 let v<br>hitropoteznem \u0161ahu na Oto\u010dcu za leto 2019<\/li><li>Bruno Glas, 9. mesto na DP za kadete do 16 let v hitropoteznem \u0161ahu<br>na Oto\u010dcu za leto 2019<\/li><\/ol>\n","protected":false},"excerpt":{"rendered":"<p>DOSE\u017dKI \u0160K TRIGLAV KR\u0160KO V LETU 2019(urejeno po datumu dose\u017eka, zbral Milo\u0161 Ru\u017ei\u010d) Januar 2019 Pia Marie Ru\u017ei\u010d, 1. mesto na O\u0160 DP za dekleta do 15 let Ana Urban\u010d, 3. mesto na S\u0160 DP za dekleta Larisa Kuhar, 4. mesto na O\u0160 DP za dekleta do 15 let Februar&#8230;<\/p>\n","protected":false},"author":1,"featured_media":0,"parent":0,"menu_order":0,"comment_status":"closed","ping_status":"closed","template":"","meta":{"footnotes":""},"class_list":["post-1218","page","type-page","status-publish","hentry"],"aioseo_notices":[],"_links":{"self":[{"href":"https:\/\/www.sah-krsko.si\/index.php\/wp-json\/wp\/v2\/pages\/1218","targetHints":{"allow":["GET"]}}],"collection":[{"href":"https:\/\/www.sah-krsko.si\/index.php\/wp-json\/wp\/v2\/pages"}],"about":[{"href":"https:\/\/www.sah-krsko.si\/index.php\/wp-json\/wp\/v2\/types\/page"}],"author":[{"embeddable":true,"href":"https:\/\/www.sah-krsko.si\/index.php\/wp-json\/wp\/v2\/users\/1"}],"replies":[{"embeddable":true,"href":"https:\/\/www.sah-krsko.si\/index.php\/wp-json\/wp\/v2\/comments?post=1218"}],"version-history":[{"count":1,"href":"https:\/\/www.sah-krsko.si\/index.php\/wp-json\/wp\/v2\/pages\/1218\/revisions"}],"predecessor-version":[{"id":1219,"href":"https:\/\/www.sah-krsko.si\/index.php\/wp-json\/wp\/v2\/pages\/1218\/revisions\/1219"}],"wp:attachment":[{"href":"https:\/\/www.sah-krsko.si\/index.php\/wp-json\/wp\/v2\/media?parent=1218"}],"curies":[{"name":"wp","href":"https:\/\/api.w.org\/{rel}","templated":true}]}}