{"id":1152,"date":"2021-07-21T21:31:25","date_gmt":"2021-07-21T19:31:25","guid":{"rendered":"http:\/\/www.sah-krsko.si\/?page_id=1152"},"modified":"2024-09-11T08:45:20","modified_gmt":"2024-09-11T06:45:20","slug":"vizitka","status":"publish","type":"page","link":"https:\/\/www.sah-krsko.si\/index.php\/vizitka\/","title":{"rendered":"Vizitka"},"content":{"rendered":"\n<p>\u0160ahovski klub Kostak Kr\u0161ko<br>Cesta kr\u0161kih \u017ertev 2<br>8270 Kr\u0161ko<\/p>\n\n\n\n<p>Igralni prostor: Mencingerjeva hi\u0161a, CK\u017d 2 <br>email: info@sah-krsko.si<\/p>\n","protected":false},"excerpt":{"rendered":"<p>\u0160ahovski klub Kostak Kr\u0161koCesta kr\u0161kih \u017ertev 28270 Kr\u0161ko Igralni prostor: Mencingerjeva hi\u0161a, CK\u017d 2 email: info@sah-krsko.si<\/p>\n","protected":false},"author":1,"featured_media":0,"parent":0,"menu_order":0,"comment_status":"closed","ping_status":"closed","template":"","meta":{"footnotes":""},"class_list":["post-1152","page","type-page","status-publish","hentry"],"aioseo_notices":[],"_links":{"self":[{"href":"https:\/\/www.sah-krsko.si\/index.php\/wp-json\/wp\/v2\/pages\/1152","targetHints":{"allow":["GET"]}}],"collection":[{"href":"https:\/\/www.sah-krsko.si\/index.php\/wp-json\/wp\/v2\/pages"}],"about":[{"href":"https:\/\/www.sah-krsko.si\/index.php\/wp-json\/wp\/v2\/types\/page"}],"author":[{"embeddable":true,"href":"https:\/\/www.sah-krsko.si\/index.php\/wp-json\/wp\/v2\/users\/1"}],"replies":[{"embeddable":true,"href":"https:\/\/www.sah-krsko.si\/index.php\/wp-json\/wp\/v2\/comments?post=1152"}],"version-history":[{"count":2,"href":"https:\/\/www.sah-krsko.si\/index.php\/wp-json\/wp\/v2\/pages\/1152\/revisions"}],"predecessor-version":[{"id":1347,"href":"https:\/\/www.sah-krsko.si\/index.php\/wp-json\/wp\/v2\/pages\/1152\/revisions\/1347"}],"wp:attachment":[{"href":"https:\/\/www.sah-krsko.si\/index.php\/wp-json\/wp\/v2\/media?parent=1152"}],"curies":[{"name":"wp","href":"https:\/\/api.w.org\/{rel}","templated":true}]}}