{"id":1146,"date":"2021-07-21T21:00:52","date_gmt":"2021-07-21T19:00:52","guid":{"rendered":"http:\/\/www.sah-krsko.si\/?page_id=1146"},"modified":"2021-07-22T08:30:16","modified_gmt":"2021-07-22T06:30:16","slug":"tekmovalni-sistem-sahovske-zveze-slovenije","status":"publish","type":"page","link":"https:\/\/www.sah-krsko.si\/index.php\/tekmovalni-sistem-sahovske-zveze-slovenije\/","title":{"rendered":"Tekmovalni sistem \u0160ahovske zveze Slovenije"},"content":{"rendered":"\n<p>V tem razdelku bi vam radi predstavili na\u0161e dru\u0161tvo s perspektive nastopanja v uradnih tekmovanjih pod okriljem <strong><em><a href=\"http:\/\/www.sah-zveza.si\">\u0160ahovske zveze Slovenije<\/a><\/em><\/strong> (\u0160ZS). <a href=\"https:\/\/www.sah-zveza.si\/prireditve\/szs\/\">Tekmovalni program<\/a> \u0160ZS sestavljajo <strong>ekipna in posami\u010dna <\/strong>dr\u017eavna tekmovanja v vseh starostnih kategorijah. V na\u0161em klubu sodelujemo v vseh <strong>tekmovalnih panogah<\/strong>, ki jih lahko lo\u010dimo po&#8230;<\/p>\n\n\n\n<h3 class=\"wp-block-heading\">&#8230;<strong><em>igralnem \u010dasu<\/em><\/strong><\/h3>\n\n\n\n<p>Poznamo 3 uradno priznane zvrsti \u0161aha po dodeljen \u010dasu za razmi\u0161ljanje:<\/p>\n\n\n\n<ul class=\"wp-block-list\"><li><strong><em>Standardni (po\u010dasni) \u0161ah<\/em><\/strong> &#8211; 60 minut ali ve\u010d po igralcu za celotno partijo;<\/li><li><strong><em>Pospe\u0161eni \u0161ah<\/em><\/strong> &#8211; ve\u010d kot 10 in manj kot 60 minut po igralcu za celotno partijo;<\/li><li><strong><em>Hitropotezni \u0161ah (&#8220;cuger&#8221;)<\/em><\/strong> &#8211; 10 minut ali manj po igralcu za celotno partijo.<\/li><\/ul>\n\n\n\n<p>Za kraljico \u0161aha velja disciplina <strong>po\u010dasnega \u0161aha<\/strong>. Vsa najve\u010dja tekmovanja potekajo v tej obliki, tekmovanj pa se praviloma odvijajo v ve\u010d zaporednih igralnih dneh. Tipi\u010dna oblika tekmovanja je 9 krogov razporejenih skozi 7 tekmovalnih dni.<\/p>\n\n\n\n<p>Najbolj popularna tekmovanja pa so seveda v <strong>pospe\u0161enih <\/strong>ali <strong>hitropoteznih <\/strong>tempih, saj ta oblika tekmovanj omogo\u010da izvedbo turnirja v enem samem dnevu. Ker ta tekmovanja ve\u010dinoma potekajo ob vikendih jih poznamo tudi pod imenom <strong><em>&#8220;vikend&#8221;<\/em><\/strong> turnirji.<\/p>\n\n\n\n<p>V Kr\u0161kem pod normalnimi epidemiolo\u0161kimi razmerami tradicionalno izvajamo 3 vsakoletne vikend turnirje: Ob krajevnem prazniku, ob prazniku Ob\u010dine Kr\u0161ko ter Me\u0161trovi\u010dev memorial.<\/p>\n\n\n\n<h3 class=\"wp-block-heading\"><strong><em>&#8230;po starostni skupini<\/em><\/strong><\/h3>\n\n\n\n<p>Glavna delitev glede na starostne skupine je na:<\/p>\n\n\n\n<ul class=\"wp-block-list\"><li><strong><em>Mladince in mladinke <\/em><\/strong>&#8211; mlaj\u0161i od 20 let,<\/li><li><strong><em>\u010clane<\/em><\/strong> <strong><em>in \u010dlanice<\/em><\/strong> &#8211; 20 let ali ve\u010d,<\/li><li><strong><em>Veterane<\/em><\/strong> &#8211; kjer obstajata dve delitvi, novej\u0161a je za starej\u0161e od 50 let, tradicionalna pa starej\u0161e od 60 let.<\/li><\/ul>\n\n\n\n<p>Zaradi \u0161tevilnosti in &#8211; \u0161e bolj pomembno &#8211; hitrega razvoja \u0161ahistov in \u0161ahistk v mladih letih, se mladinske kategorije delijo \u0161e dodatno:<\/p>\n\n\n\n<ul class=\"wp-block-list\"><li><strong><em>U8, U10, U12 &#8230; U20<\/em><\/strong> &#8211; posami\u010dna dr\u017eavna prvenstva potekajo v starostnih skupinah po 2 leti;<\/li><li><strong><em>Mladinci in mladinke (U20)<\/em><\/strong> &#8211; ekipna dr\u017eavna tekmovanja potekajo v ve\u010d starostnih skupinah, kjer je U20 absolutna kategorija<\/li><li><strong><em>Kadeti in kadetinje (U16)<\/em><\/strong> &#8211; ekipna dr\u017eavna tekmovanja s starostno omejitvijo 16 let<\/li><li><strong><em>Pionirji in pionirke (U12)<\/em><\/strong> &#8211; ekipna dr\u017eavna tekmovanja s starostno omejitvijo 12 let.<\/li><\/ul>\n\n\n\n<p>Najve\u010dje posami\u010dno tekmovanje pri nas je vsako leto <strong><a href=\"https:\/\/www.sah-zveza.si\/prireditve\/festival\/132\">Mladinsko dr\u017eavno prvenstvo v standardnem in hitropoteznem \u0161ahu<\/a><\/strong>, na katerem se venomer zbere ve\u010d sto mladih \u0161ahistov in \u0161ahistk, ki praviloma v 8 dneh odlo\u010dijo o kon\u010dnih lastnikih pokalov v kategorijah U8 &#8211; U18, lo\u010deno med fante in dekleta, v standardnem in pospe\u0161enem tempu.<\/p>\n\n\n\n<h3 class=\"wp-block-heading\"><strong><em>&#8230;po obliki tekmovanja<\/em><\/strong><\/h3>\n\n\n\n<p>Glede na obliko tekmovanja govorimo predvsem o<\/p>\n\n\n\n<ul class=\"wp-block-list\"><li><strong><em>Dr\u017eavnih prvenstvih <\/em><\/strong>&#8211; posami\u010dna tekmovanja in<\/li><li><strong><em>Dr\u017eavnih ligah<\/em><\/strong> &#8211; ekipna tekmovanja.<\/li><\/ul>\n\n\n\n<p>Dr\u017eavne \u0161ahovske lige so najpomembnej\u0161a oblika klubskih tekmovanj v slovenskem \u0161ahovskem prostoru, saj &#8211; podobno kot v drugih ekipnih \u0161portih &#8211; nedvoumno sporo\u010dajo nivo \u0161ahovskega znanja, igra in razvitosti posameznega dru\u0161tva, glede na njegovo udele\u017ebo v posameznem nivoju tekmovanja.<\/p>\n\n\n\n<p><strong>\u0160ahovski klub Triglav Kr\u0161ko <\/strong>ima \u017ee ve\u010d kot 20 letno tradicijo nastopanja v najvi\u0161ji \u0161ahovski ligi &#8211; <strong><em><a href=\"https:\/\/www.sah-zveza.si\/prireditve\/festival\/116\">Dr\u017eavni \u010dlanski ligi<\/a><\/em><\/strong> &#8211; kjer praviloma nastopa z doma\u010de ustvarjenimi igralci. V \u017eenski konkurenci prav tako nastopa v <strong><em><a href=\"https:\/\/www.sah-zveza.si\/prireditve\/festival\/128\">Dr\u017eavni \u017eenski ligi<\/a><\/em><\/strong>, ki jo je v preteklosti ve\u010dkrat tudi osvojil.<\/p>\n\n\n\n<p>Za na\u0161 klub so v preteklosti &#8211; ali \u0161e vedno &#8211; igrala nekatera najbolj znana imena v \u0161ahovskem svetu. Med najbolj znanimi je sta gotovo sestri <strong>Anna<\/strong> in <strong>Mariya Muzychuk<\/strong>, ki sta ve\u010dkratni udele\u017eenki final Svetovnega pokala in sta bili tudi glavni tvornici \u0161tevilnih uspehov tako mo\u0161ke kot \u017eenske \u010dlanske ekipe. \u010clan na\u0161ega dru\u0161tva je tudi nekdanja \u0161tevilka 3 svetovne jakostne lestvice <strong>Predrag Nikoli\u010d<\/strong>, velik pe\u010dat pa je na razvoj in kvaliteto Kr\u0161kega \u0161aha pustil pred leti preminuli mednarodni \u0161ahovski mojster iz Sarajeva <strong>Zvonimir Me\u0161trovi\u010d<\/strong>, ki je v letih vojne pri\u0161el v na\u0161 okoli\u0161 ter u\u010dil cele generacije na\u0161ih \u0161ahistov. V spomin na njegov prispevek in pomen v na\u0161em prostoru, \u0160K Triglav Kr\u0161ko organizira Me\u0161trovi\u010dev memorial.<\/p>\n\n\n\n<p>V lokalnem okolju smo v zadnjih desetletjih prav tako razvili vrsto odli\u010dnih \u0161ahistov in \u0161ahistk, med njimi velja izpostaviti igralca  z najvi\u0161jim nazivom, to je Mednarodni mojster <strong>Toni Kos<\/strong>, trenutno najvi\u0161je ratingiranega igralca  FIDE mojstra <strong>Sama \u0160tajner<\/strong>-ja ter vrsto odli\u010dnih mladih \u0161ahistk in \u0161ahistov, med katerimi trenutno najbolj izstopata reprezentantki <strong>Pia Marie Ru\u017ei\u010d<\/strong> in <strong>Larisa Kuhar<\/strong>. V na\u0161em okolju so ali \u0161e vedno delujejo nekateri najbolj priznani trenerji mladinskih selekcij, poleg prej omenjenih \u0161e <strong>Marjan Bo\u017ei\u010d<\/strong> in <strong>Hilmija Ahmatovi\u010d<\/strong>.<\/p>\n\n\n\n<p>Pred nami je \u017ee nova generacija bodo\u010dih perspektivnih \u0161ahistov in veselimo se dne, ko bomo to stran lahko dopolnili tudi z njihovimi imeni.<\/p>\n","protected":false},"excerpt":{"rendered":"<p>V tem razdelku bi vam radi predstavili na\u0161e dru\u0161tvo s perspektive nastopanja v uradnih tekmovanjih pod okriljem \u0160ahovske zveze Slovenije (\u0160ZS). Tekmovalni program \u0160ZS sestavljajo ekipna in posami\u010dna dr\u017eavna tekmovanja v vseh starostnih kategorijah. V na\u0161em klubu sodelujemo v vseh tekmovalnih panogah, ki jih lahko lo\u010dimo po&#8230; &#8230;igralnem \u010dasu Poznamo&#8230;<\/p>\n","protected":false},"author":1,"featured_media":0,"parent":0,"menu_order":0,"comment_status":"closed","ping_status":"closed","template":"","meta":{"footnotes":""},"class_list":["post-1146","page","type-page","status-publish","hentry"],"aioseo_notices":[],"_links":{"self":[{"href":"https:\/\/www.sah-krsko.si\/index.php\/wp-json\/wp\/v2\/pages\/1146","targetHints":{"allow":["GET"]}}],"collection":[{"href":"https:\/\/www.sah-krsko.si\/index.php\/wp-json\/wp\/v2\/pages"}],"about":[{"href":"https:\/\/www.sah-krsko.si\/index.php\/wp-json\/wp\/v2\/types\/page"}],"author":[{"embeddable":true,"href":"https:\/\/www.sah-krsko.si\/index.php\/wp-json\/wp\/v2\/users\/1"}],"replies":[{"embeddable":true,"href":"https:\/\/www.sah-krsko.si\/index.php\/wp-json\/wp\/v2\/comments?post=1146"}],"version-history":[{"count":8,"href":"https:\/\/www.sah-krsko.si\/index.php\/wp-json\/wp\/v2\/pages\/1146\/revisions"}],"predecessor-version":[{"id":1172,"href":"https:\/\/www.sah-krsko.si\/index.php\/wp-json\/wp\/v2\/pages\/1146\/revisions\/1172"}],"wp:attachment":[{"href":"https:\/\/www.sah-krsko.si\/index.php\/wp-json\/wp\/v2\/media?parent=1146"}],"curies":[{"name":"wp","href":"https:\/\/api.w.org\/{rel}","templated":true}]}}